{"id":82,"date":"2016-04-21T13:42:22","date_gmt":"2016-04-21T13:42:22","guid":{"rendered":"http:\/\/gral.unipi.it\/?page_id=82"},"modified":"2026-03-19T15:05:53","modified_gmt":"2026-03-19T15:05:53","slug":"news","status":"publish","type":"page","link":"https:\/\/gral.unipi.it\/news\/","title":{"rendered":"News"},"content":{"rendered":"<h2><strong>XX Settimana di FORMAZIONE DOTTORALE GrAL<\/strong><\/h2>\n<h2><strong>Le <em>Categorie<\/em> di Aristotele nel contesto della ricezione tardoantica e medievale dell\u2019<em>Organon<\/em><\/strong><\/h2>\n<p><strong>28-30 settembre 2026<\/strong><\/p>\n<p>Universit\u00e0 di Padova, Dipartimento DiSSGeA, Palazzo Jonoch Gulinelli, Sala Bortolami<\/p>\n<p>Relatori:<\/p>\n<p><strong>Julie Brumberg-Chaumont<\/strong>\u00a0(CNRS Paris)<br \/>\n<strong>Riccardo Chiaradonna<\/strong>\u00a0(Universit\u00e0 Roma Tre)<br \/>\n<strong>Silvia Di Vincenzo<\/strong>\u00a0(Universit\u00e0 Ca\u2019 Foscari Venezia)<br \/>\n<strong>Christophe Erismann<\/strong>\u00a0(Universit\u00e4t Wien)<br \/>\n<strong>Ciro Giacomelli<\/strong>\u00a0(Universit\u00e0 di Padova)<br \/>\n<strong>Philippe Hoffmann<\/strong>\u00a0(EPHE Paris)<br \/>\n<strong>Giovanni Mandolino<\/strong>\u00a0(Universit\u00e0 di Padova)<br \/>\n<strong>Caterina Tarlazzi<\/strong>\u00a0(Universit\u00e0 Ca\u2019 Foscari Venezia)<\/p>\n<p>Il <strong>programma dettagliato e<\/strong> il <strong>bando<\/strong> destinato ai dottorandi per l\u2019assegnazione di <strong>8 borse (vitto\/alloggio)<\/strong> saranno pubblicati nel mese di <strong>maggio 2026.<\/strong><\/p>\n<h2><span style=\"color: #fae102;\"><strong><span style=\"font-size: 36pt;\">\u2014<\/span><\/strong><\/span><\/h2>\n<h2>Sheikh Zayed Book Award\u00a0al volume\u00a0\u00a0Orosius.\u00a0Seven books of histories against the Pagans\u00a0di\u00a0Marco Di Branco<\/h2>\n<p>Il volume <a href=\"https:\/\/www.pisauniversitypress.it\/scheda-libro\/autori-vari\/orosius-9788833398150-577043.html\">Orosius. Seven books of histories against the Pagans<\/a> (Pisa University Press 2024) di <strong>Marco Di Branco<\/strong> \u00e8 risultato vincitore del premio <a href=\"https:\/\/www.zayedaward.ae\/en\/default.aspx\">Sheikh Zayed Book Award<\/a>, uno pi\u00f9 <strong>prestigiosi premi mondiali dedicato alla letteratura e cultura araba<\/strong> per la categoria <strong>Traduzione<\/strong>, dedicata a traduzioni da o verso l&#8217;arabo.<\/p>\n<p>Il premio, che\u00a0riconosce\u00a0il ruolo importante dei traduttori nell&#8217;arricchire la cultura e nel promuovere il dialogo tra i popoli, omaggia intellettuali, autori e case editrici che si siano distinti per i contributi alla letteratura, alla cultura e al sapere.\u00a0Quest&#8217;anno il premio ha ricevuto un record di\u00a0<strong>3.151 candidature.<\/strong> La\u00a0cerimonia di premiazione\u00a0avr\u00e0 luogo durante l\u2019<strong>Abu Dhabi International Book Fair<\/strong> a maggio.<\/p>\n<figure id=\"attachment_1293\" aria-describedby=\"caption-attachment-1293\" style=\"width: 150px\" class=\"wp-caption alignleft\"><a href=\"https:\/\/www.pisauniversitypress.it\/scheda-libro\/autori-vari\/orosius-9788833398150-577043.html\"><img loading=\"lazy\" decoding=\"async\" class=\"wp-image-1293 size-thumbnail\" src=\"http:\/\/gral.unipi.it\/wp-content\/uploads\/2025\/04\/orosius-PUP-photoaidcom-cropped-150x150.png\" alt=\"Orosius. Seven books of histories against the Pagans Arabic version (Pisa University Press 2024)\" width=\"150\" height=\"150\" srcset=\"https:\/\/gral.unipi.it\/wp-content\/uploads\/2025\/04\/orosius-PUP-photoaidcom-cropped-150x150.png 150w, https:\/\/gral.unipi.it\/wp-content\/uploads\/2025\/04\/orosius-PUP-photoaidcom-cropped-300x300.png 300w, https:\/\/gral.unipi.it\/wp-content\/uploads\/2025\/04\/orosius-PUP-photoaidcom-cropped.png 512w\" sizes=\"auto, (max-width: 150px) 100vw, 150px\" \/><\/a><figcaption id=\"caption-attachment-1293\" class=\"wp-caption-text\">Orosius. Seven books of histories against the Pagans Arabic version (Pisa University Press 2024)<\/figcaption><\/figure>\n<p>Il\u00a0<em>Kit\u0101b Hur\u016b\u0161iy\u016b\u0161<\/em>\u00a0\u00e8 una traduzione e rielaborazione in arabo della famose\u00a0Historiae adversus paganos\u00a0dello storico latino Paolo Orosio (IV-V sec.). Questa traduzione \u00e8\u00a0frutto della collaborazione tra autori cristiani e musulmani alla corte del califfo andaluso al-\u1e24akam II al-Mustan\u1e63ir. Questo libro costitu\u00ec una nuova porta d&#8217;accesso al mondo greco-romano per la cultura islamica medievale. Grazie a questa\u00a0<strong>prima\u00a0traduzione integrale in\u00a0inglese e alla ampia introduzione\u00a0Marco Di Branco\u00a0<\/strong>ha reso <strong>accessibile della comunit\u00e0 scientifica internazionale un testo chiave<\/strong> per conoscere la\u00a0visione araba della storia greco-romana.<\/p>\n<p>La\u00a0<a href=\"https:\/\/www.pisauniversitypress.it\/libri-genere-greco-arabo-latino-le-vie-del-sapere-1092.html\">Collana Greco Arabo Latino\u00a0<\/a>della\u00a0<a href=\"https:\/\/www.pisauniversitypress.it\/\">Pisa University Press<\/a>\u00a0si aggiudica cos\u00ec <strong>un secondo importante riconoscimento internazionale<\/strong>, dopo aver ricevuto prestigioso premio\u00a0\u201c<a href=\"https:\/\/translationaward.kapl.org.sa\/about\/indexen\">Custodian of the Two Holy Mosques King Abdullah bin Abdulaziz International Award for Translation<\/a>\u201d per la\u00a0\u00a0traduzione in italiano di\u00a0<strong>Cecilia Martini Bonadeo<\/strong> del testo del filosofo medievale <a href=\"https:\/\/www.pisauniversitypress.it\/scheda-libro\/al-farabi\/larmonia-delle-opinioni-dei-due-sapienti-il-divino-platone-e-aristotele-9788833391120-570979.html\">Al-F\u0101r\u0101b\u012b, L&#8217;armonia delle opinioni dei due saggi Platone il divino e Aristotele <\/a>(Pisa University Press\u00a02008).<\/p>\n<blockquote><p>Cosa rende il tuo libro interessante per i lettori? Quali sono gli aspetti letterari, intellettuali o educativi pi\u00f9 importanti dell&#8217;opera che contribuiscono allo sviluppo della societ\u00e0?<\/p>\n<figure id=\"attachment_1288\" aria-describedby=\"caption-attachment-1288\" style=\"width: 150px\" class=\"wp-caption alignright\"><img loading=\"lazy\" decoding=\"async\" class=\"size-thumbnail wp-image-1288\" src=\"http:\/\/gral.unipi.it\/wp-content\/uploads\/2025\/04\/Marco-Di-Branco-photoaidcom-cropped-150x150.png\" alt=\"Marco Di Branco (Sapienza Universit\u00e0 di Roma)\" width=\"150\" height=\"150\" srcset=\"https:\/\/gral.unipi.it\/wp-content\/uploads\/2025\/04\/Marco-Di-Branco-photoaidcom-cropped-150x150.png 150w, https:\/\/gral.unipi.it\/wp-content\/uploads\/2025\/04\/Marco-Di-Branco-photoaidcom-cropped.png 162w\" sizes=\"auto, (max-width: 150px) 100vw, 150px\" \/><figcaption id=\"caption-attachment-1288\" class=\"wp-caption-text\">Marco Di Branco (Sapienza Universit\u00e0 di Roma)<\/figcaption><\/figure>\n<p>\u201cIl Kit\u0101b H\u016br\u016b\u0161iy\u016b\u201d\u2013 dice Marco Di Branco \u2013 \u00e8 un testo di straordinaria importanza per molti motivi: in primo luogo si tratta dell\u2019unica traduzione araba esistente di un testo storico latino. Di conseguenza, <strong>\u00e8 grazie a questo libro che gli studiosi arabi del periodo medievale poterono studiare per la prima volta la storia della Grecia antica e di Roma<\/strong>: dai miti della guerra di Troia alle imprese dei difensori della Grecia contro i Persiani, ai racconti della guerra tra Atene e Sparta, alle grandi imprese della Repubblica e dell\u2019Impero romano. In secondo luogo, la vicenda della traduzione del libro \u00e8 particolarmente istruttiva ed attuale: essa infatti vide la collaborazione di cristiani e musulmani che lavorarono fianco a fianco alla corte del califfo andaluso e che cercarono di offrire una ricostruzione del passato condivisa dalle due principali comunit\u00e0 religiose della Spagna: <strong>una storia vista in una prospettiva islamo-cristiana.<\/strong> Inoltre, il volume di commento che accompagna il testo pu\u00f2 essere utile sia agli studiosi occidentali sia agli studiosi del mondo arabo: questi ultimi potranno trovare importanti indicazioni per approfondire una storia molto importante per la cultura occidentale ma poco nota in Oriente. Infine, questo libro \u00e8 il frutto di lunghe ricerche e rappresenta <strong>un\u2019assoluta novit\u00e0 editoriale (in effetti il Kit\u0101b H\u016br\u016b\u0161iy\u016b\u0161 non era mai stato tradotto in nessuna lingua occidentale)<\/strong>: il mio auspicio \u00e8 che possa costituire un piccolo passo in avanti nel dialogo culturale tra mondo arabo e mondo occidentale, in un periodo in cui tale dialogo \u00e8 sempre pi\u00f9 necessario. La geniale e lungimirante intuizione del califfo al-\u1e24akam II al-Mustan\u1e63ir fu infatti quella di approfondire la conoscenza reciproca di culture diverse, che sola pu\u00f2 cancellare i malintesi e gli stereotipi negativi, gettando le basi di una reale e proficua collaborazione finalizzata alla pace e al benessere di tutta l\u2019umanit\u00e0\u201d.<\/p>\n<h2><span style=\"color: #fae102;\"><strong><span style=\"font-size: 36pt;\">\u2014<\/span><\/strong><\/span><\/h2>\n<\/blockquote>\n<p style=\"text-align: center;\">____________________________________<\/p>\n<h5 style=\"text-align: center;\"><span style=\"color: #800000;\">Disponibile in libreria un nuovo volume della collana \u201cGreco Arabo Latino. Le vie del sapere. TESTI\u201d:<\/span><\/h5>\n<p><a href=\"https:\/\/www.pisauniversitypress.it\/scheda-libro\/autori-vari\/orosius-9788833398150-577043.html\"><img loading=\"lazy\" decoding=\"async\" class=\"alignleft wp-image-1102\" src=\"http:\/\/gral.unipi.it\/wp-content\/uploads\/2024\/08\/Orosius.jpg\" alt=\"\" width=\"221\" height=\"314\" srcset=\"https:\/\/gral.unipi.it\/wp-content\/uploads\/2024\/08\/Orosius.jpg 563w, https:\/\/gral.unipi.it\/wp-content\/uploads\/2024\/08\/Orosius-211x300.jpg 211w\" sizes=\"auto, (max-width: 221px) 100vw, 221px\" \/><\/a><\/p>\n<p>Orosius, S<em>even books of histories against the Pagans (Arabic version)<\/em>. Vol. I: Arabic Text and English Translation, Vol. 2: Commentary, by Marco Di Branco, Pisa University Press, Pisa 2024.<\/p>\n<p>The so-called <em>Kit\u0101b Hur\u016b\u0161iy\u016b\u0161<\/em> is an Arabic translation and reworking of the famous <em>Historiae adversus paganos<\/em> by the Latin historian Paulus Orosius, and this was the product of Christian and Muslim authors working together at the court of the Andalusian caliph al-\u1e24akam II al-Mustan\u1e63ir. This book acted as a new gateway into the Graeco-Roman world for medieval Islamic culture, and its influence on Islamic historical knowledge was very strong (it was used and quoted by several important Arabic historians and geographers). The English translation and commentary of this text constitute a useful tool for further studies on the subject and, more in general, for a reflection on the topic of the Arabic vision of Graeco-Roman history.<\/p>\n<p><a href=\"https:\/\/www.pisauniversitypress.it\/scheda-libro\/autori-vari\/orosius-9788833398150-577043.html\"><img loading=\"lazy\" decoding=\"async\" class=\"alignnone wp-image-1117 \" src=\"http:\/\/gral.unipi.it\/wp-content\/uploads\/2024\/08\/Screenshot-2024-08-29-at-08.47.05.png\" alt=\"open access\" width=\"155\" height=\"57\" srcset=\"https:\/\/gral.unipi.it\/wp-content\/uploads\/2024\/08\/Screenshot-2024-08-29-at-08.47.05.png 470w, https:\/\/gral.unipi.it\/wp-content\/uploads\/2024\/08\/Screenshot-2024-08-29-at-08.47.05-300x111.png 300w\" sizes=\"auto, (max-width: 155px) 100vw, 155px\" \/><\/a><\/p>\n<p><a href=\"https:\/\/www.pisauniversitypress.it\/scheda-libro\/autori-vari\/orosius-9788833398150-577043.html\" target=\"_blank\" rel=\"noopener\">maggiori informazioni (link esterno)<\/a><\/p>\n<p style=\"text-align: center;\">\u00a0____________________________________<\/p>\n<h5 style=\"text-align: center;\"><span style=\"color: #800000;\">Disponibile in libreria un nuovo volume della collana \u201cGreco Arabo Latino. Le vie del sapere. TESTI\u201d:<\/span><\/h5>\n<p><a href=\"https:\/\/gral.unipi.it\/plotino-se-esistono-idee-anche-di-particolari-v-718\"><img loading=\"lazy\" decoding=\"async\" class=\" wp-image-1119 alignleft\" src=\"http:\/\/gral.unipi.it\/wp-content\/uploads\/2024\/08\/Plotino-Se-esistono-idee-anche-di-particolari-V-718.jpg\" alt=\"\" width=\"216\" height=\"318\" srcset=\"https:\/\/gral.unipi.it\/wp-content\/uploads\/2024\/08\/Plotino-Se-esistono-idee-anche-di-particolari-V-718.jpg 500w, https:\/\/gral.unipi.it\/wp-content\/uploads\/2024\/08\/Plotino-Se-esistono-idee-anche-di-particolari-V-718-204x300.jpg 204w\" sizes=\"auto, (max-width: 216px) 100vw, 216px\" \/><\/a><\/p>\n<p>Plotino, <em>Se esistono idee anche di particolari V 7[18]<\/em>, Introduzione, testo greco, traduzione e commento di Roberto Zucchi, Prefazione di Cristina D\u2019Ancona, Pisa University Press, Pisa 2024.<\/p>\n<p><a href=\"https:\/\/www.pisauniversitypress.it\/libri-genere-greco-arabo-latino-le-vie-del-sapere-1092.html\" target=\"_blank\" rel=\"noopener\">maggiori informazioni (link esterno)<\/a><\/p>\n<p>&nbsp;<\/p>\n<p>&nbsp;<\/p>\n<p style=\"text-align: center;\">\u00a0____________________________________<\/p>\n<h2 style=\"text-align: left;\"><span style=\"color: #800000;\">Seminario<\/span><br \/>\n<span style=\"color: #800000;\">Th\u00e8mes et Probl\u00e8mes de Philosophie arabe m\u00e9di\u00e9vale<\/span><\/h2>\n<p>Il <span style=\"color: #800000;\">24 aprile 2024<\/span> si terr\u00e0 a <span style=\"color: #800000;\">Fes<\/span> (Marocco), nella <span style=\"color: #800000;\">Salle des conf\u00e9rences Alqarawiyyin della Facult\u00e9 des Lettres et des Sciences Humaines Dhar El Mahraz<\/span>, F\u00e8s un incontro sul tema \u201c<span style=\"color: #800000;\">Th\u00e8mes et Probl\u00e8mes de Philosophie arabe m\u00e9di\u00e9vale<\/span>&#8221;<\/p>\n<p><span style=\"color: #800000;\"><strong>14h30 \u2014 Accueil et Introduction<\/strong><\/span><br \/>\n<strong>Mustapha Ijjaali<\/strong>, Pr\u00e9sident de l\u2019Universit\u00e9 Sidi Mohamed Ben Abdellah<br \/>\n<strong>Khalid Lazaare<\/strong>, Doyen de Facult\u00e9 des Lettres et des Sciences Humaines Dhar El Mahraz<br \/>\n<strong>Youssef Tibesse<\/strong>, Directeur du D\u00e9partement de Philosophie<\/p>\n<p><span style=\"color: #800000;\"><strong>15h00 \u2014 Premi\u00e8re session<\/strong><\/span><br \/>\n<strong>Cecilia Martini Bonadeo<\/strong>, Universit\u00e9 de Padoue, Italie<br \/>\n<em>Al-F\u0101r\u0101b\u012b\u2019s\u00a0 Kit\u0101b al-w\u0101\u1e25id wa-l-wa\u1e25da. Meanings of \u2018one\u2019 and Divine Uniqueness<\/em><br \/>\n<em><strong>Mohammed Mesbahi<\/strong>, Universit\u00e9 Mohamed V de Rabat<\/em><br \/>\n<em>Meanings of \u2018one\u2019 in Averroes\u2019 Epitome, Middle and Long Commentary on the Metaphysics<\/em><\/p>\n<p><span style=\"color: #800000;\"><strong>17h30 \u2014 Deuxi\u00e8me session<\/strong><\/span><br \/>\n<em>Pr\u00e9sentation de la traduction arabe du volume Der Islam. Eine Einf\u00fchrung in seine Geschichte<\/em> pour c\u00e9l\u00e9brer la\u00a0 pr\u00e9sence \u00e0 F\u00e8s de <strong>Gerhard Endress<\/strong> (RUB Bochum)<br \/>\n<strong>Mohammed Abouhafs<\/strong>, Universit\u00e9 Moulay Isma\u00efl de Mekn\u00e8s<br \/>\n<strong>Alaa Masry Al-Nahr<\/strong>, Universit\u00e9 d\u2019Alexandrie, Egypt<\/p>\n<p><a href=\"https:\/\/gral.unipi.it\/convegni\" target=\"_blank\" rel=\"noopener\">PROGRAMMA<\/a><\/p>\n<p style=\"text-align: center;\">____________________________________<\/p>\n<h2><span style=\"color: #800000;\">Burgundio da Pisa 1193\u00a0 \u00a0&gt;\u00a0 2023<\/span><br \/>\n<span style=\"color: #800000;\">Viaggiare e tradurre nel medioevo<\/span><\/h2>\n<p>Un <span style=\"color: #800000;\">percorso virtuale<\/span> tra luoghi e testi antichi, per celebrare Burgundio da Pisa (1110-1193) e le sue traduzioni, arricchito da notizie e contenuti multimediali. Un viaggio nel tempo e nello spazio, lungo le molte vie che arricchirono l\u2019Occidente latino medievale, la sua scienza e la sua filosofia, per ripercorrere un passato lontano, eppure ancora presente.<\/p>\n<p style=\"text-align: left;\"><a href=\"https:\/\/gral.unipi.it\/mostre-virtuali\">IINIZIA IL PERCORSO<\/a><\/p>\n<hr \/>\n<h5 style=\"text-align: center;\"><span style=\"color: #800000;\">Disponibile in libreria un nuovo volume della collana \u201cGreco Arabo Latino. Le vie del sapere. TESTI\u201d:<\/span><\/h5>\n<h5 style=\"text-align: center;\"><a href=\"https:\/\/www.pisauniversitypress.it\/scheda-libro\/al-farabi\/luno-e-lunita-9788833397238-576841.html\"><img loading=\"lazy\" decoding=\"async\" class=\"wp-image-858 alignleft\" src=\"http:\/\/gral.unipi.it\/wp-content\/uploads\/2023\/06\/luno-e-lunita-576841-211x300.jpeg\" alt=\"FARABI-uno-e-unita-MARTINI\" width=\"284\" height=\"404\" srcset=\"https:\/\/gral.unipi.it\/wp-content\/uploads\/2023\/06\/luno-e-lunita-576841-211x300.jpeg 211w, https:\/\/gral.unipi.it\/wp-content\/uploads\/2023\/06\/luno-e-lunita-576841.jpeg 562w\" sizes=\"auto, (max-width: 284px) 100vw, 284px\" \/><\/a><\/h5>\n<p style=\"text-align: left;\">al-F\u0101r\u0101b\u012b,\u00a0<em>L\u2019uno e l\u2019unit\u00e0<\/em>, Introduzione, testo arabo, traduzione e commento di Cecilia Martini Bonadeo con Sara Abram, Luca Farina, Giovanni Mandolino, Marianna Zarantonello, Pisa University Press, Pisa 2023.<\/p>\n<p><a href=\"https:\/\/www.pisauniversitypress.it\/scheda-libro\/al-farabi\/luno-e-lunita-9788833397238-576841.html\" target=\"_blank\" rel=\"noopener\">maggiori informazioni (link esterno)<\/a><\/p>\n<p>&nbsp;<\/p>\n<p>&nbsp;<\/p>\n<p style=\"text-align: center;\">\u00a0____________________________________<\/p>\n<h5 style=\"text-align: center;\"><span style=\"color: #800000;\">Il prof. Philippe Hoffmann eletto a membro ordinario della\u00a0 Acad\u00e9mie des Inscriptions et Belles-Lettres<\/span><\/h5>\n<p>Il prof. Hoffmann \u00e8 stato eletto membro ordinario dell\u2019Acad\u00e9mie des Inscriptions et Belles-Lettres.<\/p>\n<p><img loading=\"lazy\" decoding=\"async\" class=\" wp-image-808 aligncenter\" src=\"http:\/\/gral.unipi.it\/wp-content\/uploads\/2022\/11\/2022-Philippe-Hoffmann-00040-300x200.jpeg\" alt=\"\" width=\"379\" height=\"252\" srcset=\"https:\/\/gral.unipi.it\/wp-content\/uploads\/2022\/11\/2022-Philippe-Hoffmann-00040-300x200.jpeg 300w, https:\/\/gral.unipi.it\/wp-content\/uploads\/2022\/11\/2022-Philippe-Hoffmann-00040.jpeg 640w\" sizes=\"auto, (max-width: 379px) 100vw, 379px\" \/><\/p>\n<p>La cerimonia \u00e8 stata celebrata il 20 ottobre 2022 nel Grand Salon del Rettorato dell\u2019 Acad\u00e9mie di Parigi, in Sorbona.<\/p>\n<p><img loading=\"lazy\" decoding=\"async\" class=\" wp-image-818 aligncenter\" src=\"http:\/\/gral.unipi.it\/wp-content\/uploads\/2022\/11\/Screenshot-2022-11-29-at-16.09.55-300x271.png\" alt=\"\" width=\"372\" height=\"336\" srcset=\"https:\/\/gral.unipi.it\/wp-content\/uploads\/2022\/11\/Screenshot-2022-11-29-at-16.09.55-300x271.png 300w, https:\/\/gral.unipi.it\/wp-content\/uploads\/2022\/11\/Screenshot-2022-11-29-at-16.09.55-1024x927.png 1024w, https:\/\/gral.unipi.it\/wp-content\/uploads\/2022\/11\/Screenshot-2022-11-29-at-16.09.55-768x695.png 768w, https:\/\/gral.unipi.it\/wp-content\/uploads\/2022\/11\/Screenshot-2022-11-29-at-16.09.55.png 1408w\" sizes=\"auto, (max-width: 372px) 100vw, 372px\" \/><\/p>\n<p>Massime incise sulla spada: \u03bc\u03b7\u03b4\u1f72\u03bd \u1f04\u03b3\u03b1\u03bd | \u03c0\u03ac\u03bd\u03c4\u03b1 \u03b5\u1f54\u03c7\u03b5\u03c4\u03b1\u03b9.<\/p>\n<p><img loading=\"lazy\" decoding=\"async\" class=\" wp-image-806 aligncenter\" src=\"http:\/\/gral.unipi.it\/wp-content\/uploads\/2022\/11\/2022-Philippe-Hoffmann-00082-300x200.jpeg\" alt=\"\" width=\"383\" height=\"255\" srcset=\"https:\/\/gral.unipi.it\/wp-content\/uploads\/2022\/11\/2022-Philippe-Hoffmann-00082-300x200.jpeg 300w, https:\/\/gral.unipi.it\/wp-content\/uploads\/2022\/11\/2022-Philippe-Hoffmann-00082.jpeg 640w\" sizes=\"auto, (max-width: 383px) 100vw, 383px\" \/>Fotografie: \u00a9Patrick Rimond<\/p>\n<p>Il discorso del prof. Hoffmann \u00e8 consultabile <a href=\"http:\/\/gral.unipi.it\/wp-content\/uploads\/2022\/11\/Remerciement-de-Philippe-Hoffmann.pdf\">qui<\/a>.<\/p>\n<p><a href=\"https:\/\/aibl.fr\/membres-academiciens\/hoffmann-philippe\/\" target=\"_blank\" rel=\"noopener\">Leggi tutto l&#8217;articolo (link a sito esterno)&#8230;<\/a><\/p>\n<p style=\"text-align: center;\">\u00a0____________________________________<\/p>\n","protected":false},"excerpt":{"rendered":"<p>XX Settimana di FORMAZIONE DOTTORALE GrAL Le Categorie di Aristotele nel contesto della ricezione tardoantica e medievale dell\u2019Organon 28-30 settembre 2026 Universit\u00e0 di Padova, Dipartimento DiSSGeA, Palazzo Jonoch Gulinelli, Sala Bortolami Relatori: Julie Brumberg-Chaumont\u00a0(CNRS Paris) Riccardo Chiaradonna\u00a0(Universit\u00e0 Roma Tre) Silvia Di Vincenzo\u00a0(Universit\u00e0 Ca\u2019 Foscari Venezia) Christophe Erismann\u00a0(Universit\u00e4t Wien) Ciro Giacomelli\u00a0(Universit\u00e0&hellip;<\/p>\n","protected":false},"author":2,"featured_media":320,"parent":0,"menu_order":0,"comment_status":"closed","ping_status":"closed","template":"","meta":{"footnotes":""},"class_list":["post-82","page","type-page","status-publish","has-post-thumbnail","hentry"],"_links":{"self":[{"href":"https:\/\/gral.unipi.it\/wp-json\/wp\/v2\/pages\/82","targetHints":{"allow":["GET"]}}],"collection":[{"href":"https:\/\/gral.unipi.it\/wp-json\/wp\/v2\/pages"}],"about":[{"href":"https:\/\/gral.unipi.it\/wp-json\/wp\/v2\/types\/page"}],"author":[{"embeddable":true,"href":"https:\/\/gral.unipi.it\/wp-json\/wp\/v2\/users\/2"}],"replies":[{"embeddable":true,"href":"https:\/\/gral.unipi.it\/wp-json\/wp\/v2\/comments?post=82"}],"version-history":[{"count":196,"href":"https:\/\/gral.unipi.it\/wp-json\/wp\/v2\/pages\/82\/revisions"}],"predecessor-version":[{"id":1480,"href":"https:\/\/gral.unipi.it\/wp-json\/wp\/v2\/pages\/82\/revisions\/1480"}],"wp:featuredmedia":[{"embeddable":true,"href":"https:\/\/gral.unipi.it\/wp-json\/wp\/v2\/media\/320"}],"wp:attachment":[{"href":"https:\/\/gral.unipi.it\/wp-json\/wp\/v2\/media?parent=82"}],"curies":[{"name":"wp","href":"https:\/\/api.w.org\/{rel}","templated":true}]}}